 number?
True
Is 66689178047 composite?
False
Is 229157641 a composite number?
True
Is 901960061 a composite number?
False
Is 104045559347 a prime number?
True
Is 157185449 a composite number?
True
Is 32560798001 prime?
True
Is 118139179 a composite number?
False
Is 2399826487 a prime number?
True
Is 4384846919 prime?
False
Is 334130639 prime?
True
Is 1739796263 composite?
False
Is 7481601397 a composite number?
True
Is 21664985 prime?
False
Is 1886581381 a composite number?
False
Is 8101172593 composite?
True
Is 18110894873 a prime number?
True
Is 6330556541 a prime number?
False
Is 1694799569 a composite number?
False
Is 6157731751 prime?
True
Is 40912541497 composite?
True
Is 65849632613 composite?
False
Is 3030127517 a composite number?
False
Is 484203587 a composite number?
True
Is 158626999 composite?
False
Is 49687361 a prime number?
False
Is 168190193551 composite?
False
Is 694219919 prime?
True
Is 635506279 a prime number?
True
Is 142270669 composite?
True
Is 194246029 composite?
True
Is 5288542813 a composite number?
False
Is 11150643251 a prime number?
False
Is 16793710345 prime?
False
Is 12380695357 a composite number?
True
Is 56845099 a prime number?
True
Is 26500327493 a composite number?
False
Is 7193637257 prime?
False
Is 4449400889 prime?
True
Is 110497956901 composite?
False
Is 721475023 composite?
False
Is 1380652681 a prime number?
True
Is 7800323057 a composite number?
True
Is 200475833053 a composite number?
False
Is 46063589557 composite?
False
Is 897266369 a composite number?
True
Is 29449206079 composite?
True
Is 25774648643 a composite number?
False
Is 1608362563 prime?
False
Is 16416746347 composite?
False
Is 2563617941 a prime number?
True
Is 1744063483 a composite number?
True
Is 725913598 prime?
False
Is 25790459999 a prime number?
False
Is 64726611 prime?
False
Is 490684849 a composite number?
True
Is 5204538487 prime?
False
Is 71416831537 a prime number?
True
Is 845722279 composite?
True
Is 49251880607 a prime number?
True
Is 6601703897 a composite number?
False
Is 3432354539 composite?
True
Is 1493257151 a prime number?
False
Is 6245613293 composite?
True
Is 398654689 a prime number?
True
Is 2470252661 a composite number?
True
Is 581673077 composite?
False
Is 2006081485 prime?
False
Is 170477617 prime?
False
Is 461089982 a composite number?
True
Is 1939026374 a prime number?
False
Is 1314407179 a prime number?
False
Is 1407310537 a composite number?
True
Is 152973915373 prime?
False
Is 85245052877 composite?
False
Is 5089057334 composite?
True
Is 2476759479 composite?
True
Is 122560883 composite?
False
Is 3578567009 prime?
False
Is 6974453599 a composite number?
True
Is 601160951 composite?
False
Is 9220330047 a composite number?
True
Is 9865897907 a prime number?
True
Is 64687559665 composite?
True
Is 223254401 prime?
True
Is 8304120073 a prime number?
True
Is 1385921933 composite?
True
Is 3086336609 a prime number?
True
Is 69289616813 composite?
False
Is 654312577 prime?
False
Is 352135939 prime?
False
Is 5317236169 prime?
False
Is 34634925833 composite?
False
Is 44701827961 a composite number?
True
Is 520925227 a composite number?
True
Is 12357956669 a composite number?
False
Is 7821728099 a prime number?
True
Is 1282416677 prime?
False
Is 1499231501 prime?
False
Is 4079023031 a composite number?
False
Is 79186925023 prime?
True
Is 290134583 composite?
True
Is 143786371 prime?
True
Is 483476393 composite?
True
Is 5124788821 a prime number?
True
Is 19148990999 a composite number?
False
Is 286083547 composite?
False
Is 75389315773 a composite number?
True
Is 2275473821 a composite number?
True
Is 496683091 prime?
False
Is 146707697 a prime number?
True
Is 150286935115 prime?
False
Is 11645524271 a prime number?
True
Is 5657588953 composite?
True
Is 633544159 a composite number?
False
Is 43446595471 a prime number?
False
Is 20918681341 a prime number?
True
Is 88311679 composite?
False
Is 156508445921 a composite number?
False
Is 15344899391 a composite number?
False
Is 12443362289 composite?
False
Is 1271366971 a composite number?
True
Is 2619551767 prime?
False
Is 16383984153 composite?
True
Is 236984659631 a prime number?
True
Is 914081869 a prime number?
False
Is 596149403 prime?
False
Is 1683329303 prime?
True
Is 8952635077 a composite number?
False
Is 3399001597 a composite number?
True
Is 18183661 composite?
True
Is 4698126547 a prime number?
True
Is 112072603 a composite number?
False
Is 92459078017 a composite number?
False
Is 558307927 a composite number?
False
Is 1577500577 composite?
False
Is 370361377 composite?
False
Is 4200651929 prime?
True
Is 1956103629 a composite number?
True
Is 34257433501 prime?
True
Is 370450441 a prime number?
True
Is 2444846077 a composite number?
True
Is 38201050843 a composite number?
True
Is 31089876959 prime?
True
Is 2253694007 composite?
True
Is 6554259287 a prime number?
True
Is 5309788339 composite?
True
Is 2701208479 a composite number?
False
Is 1236330041 a prime number?
False
Is 1062353459 a prime number?
False
Is 8388429331 prime?
True
Is 8499760111 a prime number?
False
Is 97594660813 a composite number?
True
Is 13302777623 a prime number?
False
Is 10170903499 composite?
False
Is 8568977035 a composite number?
True
Is 57591007769 composite?
False
Is 14406625427 a prime number?
True
Is 213816907 a prime number?
False
Is 47759651 prime?
True
Is 205583219 a prime number?
True
Is 4713378377 a composite number?
True
Is 1340773897 a prime number?
False
Is 32421503849 prime?
False
Is 531828631 prime?
False
Is 17622030439 a prime number?
False
Is 328403883 a composite number?
True
Is 930343823 a prime number?
True
Is 18443848669 a composite number?
False
Is 5317728473 prime?
False
Is 2213650181 prime?
False
Is 381859236307 a composite number?
False
Is 1830490231 a composite number?
False
Is 1355207023 a composite number?
False
Is 7466491 prime?
True
Is 886424521 a prime number?
True
Is 3605552023 composite?
True
Is 360965309 composite?
False
Is 38151947189 a composite number?
False
Is 3379585555 prime?
False
Is 847327361 a prime number?
False
Is 2159050039 a prime number?
False
Is 3995045921 composite?
True
Is 197496983 composite?
False
Is 20324140181 prime?
False
Is 688374901 prime?
True
Is 32514571289 composite?
True
Is 31175597521 composite?
False
Is 5799634909 a prime number?
False
Is 79089961 a composite number?
False
Is 1449544879 prime?
True
Is 11138592001 composite?
True
Is 223974931549 a prime number?
True
Is 1631084677 prime?
False
Is 17201483863 composite?
True
Is 48059966633 composite?
True
Is 39498516763 a composite number?
False
Is 3887898559 a composite number?
True
Is 3071735207 a prime number?
False
Is 72351241891 a prime number?
False
Is 49831047911 a composite number?
True
Is 3120484973 composite?
True
Is 2882032187 a composite number?
False
Is 68658671 a prime number?
True
Is 28731552673 composite?
False
Is 90373763821 composite?
True
Is 1615751503 a prime number?
True
Is 55229300033 composite?
True
Is 1555353119 composite?
True
Is 293610323 prime?
True
Is 282809687 a prime number?
False
Is 18915072391 prime?
False
Is 2192858599 composite?
False
Is 46384583507 a composite number?
True
Is 2308151599 prime?
False
Is 718641523 a composite number?
False
Is 1683596353 a prime number?
False
Is 4637794993 prime?
False
Is 125992369 a prime number?
True
Is 430005221 composite?
False
Is 2806769333 a prime number?
True
Is 132984768329 a composite number?
True
Is 986671393 a prime number?
True
Is 28456560877 a composite number?
False
Is 5587231459 composite?
False
Is 9669284021 a composite number?
True
Is 8539805069 prime?
True
Is 943413823 composite?
True
Is 16458302713 composite?
False
Is 2244841 composite?
False
Is 69539057579 composite?
False
Is 2066222861 prime?
False
Is 197344782449 prime?
False
Is 179125013 a composite number?
False
Is 3717460603 prime?
True
Is 4606410079 a prime number?
False
Is 8901628111 prime?
False
Is 336339646849 a composite number?
False
Is 5880987127 a composite number?
False
Is 4636686827 composite?
True
Is 5513032769 a composite number?
False
Is 2775386503 prime?
True
Is 2594625127 prime?
True
Is 5239666241 a prime number?
True
Is 114875615507 prime?
False
Is 9128820341 a prime number?
True
Is 532205867 composite?
False
I